
-3
What is 18 + -16 + (18 - -1) + 8 - 3?
26
What is the value of -109 + 98 - (3 + 0 + 3 - 1)?
-16
What is the value of -14 - (-3 + 2) - (-128 + 116)?
-1
Evaluate (190 - 185) + (-1 - -9).
13
-1 + (-5 - -1) + (15 - (-4 + 7))
7
10 + (-2 - -10 - 26)
-8
What is 20 - (-7 - -9 - -17)?
1
Evaluate 3 - 11 - (20 - 33 - (-7 - -1)).
-1
14 + 5 - (-45 - -50)
14
Evaluate (-11 - 1) + (20 - 8 - (4 + 13)).
-17
What is the value of -14 + 0 - (-11 - 12 - -27) - -6?
-12
What is -8 + 2 + -25 + 19?
-12
What is 6 - (-3 + -11 - -15)?
5
What is 10 - (1 - (-41 + 20))?
-12
Evaluate 28 + (7 - 21) + (-14 - -3).
3
(-22 - (4 + -30)) + (-16 - -3)
-9
Calculate -29 - -11 - ((-53 - 2) + 3).
34
(5 - (3 + (-12 - -10) + -7)) + -39
-28
Calculate 1 + (3 + 7 - 1).
10
Evaluate 9 - (-5 + 2 + 0) - -1.
13
Calculate 80 + -94 - (-11 + -2).
-1
What is 12 + -32 + 5 - -7?
-8
(1 - (1 + 0 - (13 - 1))) + -6
6
What is -13 + (22 - 7) - (1 + -10)?
11
Calculate 6 - 12 - (1 - 6 - 5) - 19.
-15
Calculate 264 + -262 - (3 - 1).
0
What is the value of -16 + (-10 - (10 + -23)) + 1?
-12
What is the value of -2007 - -2014 - (-2 + 8 + -3 + 3)?
1
Calculate -1 + 35 - (-3 - 15 - 4 - -29).
27
What is -6 - (2 - -1 - (6 + -3))?
-6
What is -4 + 18 + (0 - -6) + (-9 - 1)?
10
What is the value of -66 + 0 + (-2 - -44)?
-24
What is (17 - -4) + (48 - 79)?
-10
Calculate -24 + 10 - (0 + -4) - 2.
-12
Calculate (-21 - 1) + -47 + 96.
27
-23 - (-16 + 9 + 5 + -5 + 3)
-19
What is 4 + 2 + 1 + 6 + (27 - 34)?
6
What is the value of 126 - 123 - (10 - 0) - (3 - -2)?
-12
Evaluate (1 + (0 - 4) - -7) + 4.
8
What is -13 + (-16 - -36) - 0?
7
What is the value of 1 - -1 - ((-67 - -133) + -66)?
2
What is 13 + 34 + -19 + -26?
2
Evaluate 18 + -29 + 6 + 10.
5
What is the value of -14 + (11 + -11 - 9)?
-23
(-16 - -34 - (11 + -1)) + 9 + 0
17
What is the value of 15 + (0 - 8) + (-29 - -17)?
-5
Calculate 44 - 8 - (124 - 100).
12
23 + (4 - -1 - (12 - 15)) + -15
16
What is the value of 1 + 7 + (-3 - -7 - 1)?
11
Evaluate 15 + 10 + -12 + 3 + -3.
13
(171 - 167) + 18 + (-5 - (5 + -5))
17
Calculate (-10 - -18) + 9 + -4.
13
What is (-3 - (6 + 10 + -11)) + -3?
-11
Evaluate 13 + -10 + 2 + -21 - (-7 - 0).
-9
(24 - -1) + 177 + -185 - (-4 - -4)
17
What is (27 - (-20 + 45)) + 10 + 2?
14
23 - -2 - 17 - ((1 - -1) + -2)
8
Evaluate 10 - ((-28 - -31) + (2 - -17)).
-12
Calculate -11 + 19 + -13 + 13 - -7.
15
What is the value of 2 + -5 - (-10 - (7 + -7))?
7
What is -20 - -16 - (0 + -9 + (-1 - 2))?
8
-14 - ((-9 + 2 - -15) + -7)
-15
What is 7 - (4 + (27 - 37))?
13
(-123 - -94 - -32) + (19 - (-1 + 0))
23
What is (-1 - 15) + (-103 - -116)?
-3
What is -14 + -1 - -10 - -5?
0
What is (-9 - -13) + -6 - (2 - (3 - -5))?
4
What is the value of 12 + 1 + (-60 - (47 + -116))?
22
Calculate 16 + (188 - 193) + (4 - (0 - -2)).
13
What is the value of 13 - 15 - (-46 - 0) - 19?
25
Calculate (-5 - -7 - -3 - -1) + -3.
3
Evaluate (42 - 30) + 0 + -2.
10
(-116 - -23) + 29 - -36
-28
Evaluate -7 - (-8 - -2 - -6) - -14 - -2.
9
Evaluate (-1 + -8 - (-8 - -11)) + (0 - 1).
-13
What is the value of (3 - -2) + (-7 - -2) - (3 - -1)?
-4
(-13 - -3) + (-8 - (-4 - 0)) - -5
-9
10 - ((-6 - 12) + 17) - 9
2
(1285 - 1258) + -35 + -1
-9
-6 + 3 + (-1 - 10) + 7 + 6
-1
Evaluate (-50 - -43) + -25 - -65.
33
What is the value of (-17 - -6) + -11 + 15 + 33?
26
Calculate -29 + 13 + 51 + -27.
8
Evaluate 6 - (-6 - -2) - (8 + -10 + -2).
14
What is the value of -2 + 0 - (-6 - (-19 + (6 - 18)))?
-27
Calculate (5 - 2) + (-13 - (4 - 13)).
-1
Calculate -8 - ((15 - 24) + -1).
2
What is the value of ((26 - 87) + 39 - (-1 + -1)) + -11?
-31
What is 43 - 34 - -18 - 0?
27
Evaluate -3 - (-9 - (-8 - (-5 - -4))).
-1
(13 - (8 - 7)) + 1 + -11
2
Calculate -7 - (6 - 2 - (8 + -12 + 4)).
-11
Calculate -2 + (4 - ((-5 - -7) + 10)).
-10
68 + -57 + (-5 + 7 - -8)
21
What is (11 - (-5 - -9)) + 11 + -16?
2
What is 60 + -67 + (-1 + -3 + 4 - -4)?
-3
-28 + -7 + 17 - -10
-8
What is the value of -1 + -11 + 17 - (-1 - 9)?
15
Evaluate -154 + 163 - (16 - 1).
-6
What is the value of 47 - 98 - (34 - 54)?
-31
Calculate 23 + -47 - 2 - -19.
-7
-63 - -50 - (2 + -33 - 4)
22
-1 + 1 + -18 + 31
13
What is the value of -665 + 638 - (-33 - 0)?
6
What is -1 + (8 + 3 - 28)?
-18
(-206 - -215) + -14 + 2
-3
What is (-32 - -17 - -16) + (11 - 1)?
11
What is -3 + (4 - -2) - (2 + 1 - 13)?
13
Calculate 3 + 2 + -5 + 0.
0
Calculate -11 - (-9 - -6) - -2 - -11.
5
-5 + (-1 - -1 - -2) - (-135 + 146)
-14
Evaluate 10 - (23 - (10 - -3)).
0
What is the value of -13 - -49 - (-16 + 17)?
35
What is the value of 23 + (-85 - -6) + 41?
-15
Calculate -2 + (6 - (5 - 0 - -1)).
-2
Evaluate 10 - (5 + 4 + -6 - -2).
5
Evaluate -1 - -8 - (782 - 789).
14
Evaluate -5 + -8 + 21 - 16.
-8
Calculate -1 + -2 + 9 + -4 + -6 + 7.
3
Calculate -20 + 10 - ((-24 - -9) + -20).
25
Calculate (-26 - (-2 + 1 + -12)) + 21.
8
What is the value of (38 - 10 - 11) + -30?
-13
What is the value of (36 - 6) + (-122 - -88)?
-4
(26 - (15 - 10)) + -12
9
What is the value of 14 - (-2 - (5 - -1 - (9 - 3)))?
16
What is the value of -5 - (15 - 6 - (-1 + -6 + 5))?
-16
What is 40 + (17 - (2 + 13 + 21))?
21
9 - (45 + -18) - -8
-10
Evaluate -16 + (-17 - -26 - -12).
5
55 + (-52 - (-36 - -14))
25
What is the value of (-55 + 53 - (0 + 1 - -1)) + 9?
5
Evaluate -5 + (2 - 5) - (-12 + 9 - -15).
-20
What is -6 + -2 + 12 + -6?
-2
56 + -50 + -31 + (0 - 1) + 0
-26
What is 7 + (6 + -9 - -11 - 6)?
9
What is 24 + (7 - 5) + -21?
5
What is (0 - 5 - (4 + 4 - 13)) + 1?
1
Evaluate (-3 - -14 - -6) + -2.
15
What is the value of -5 - (-3 - -4) - (-5 + 20 + -7)?
-14
What is the value of (2 - 4) + -2 - (6 + 10 + -8)?
-12
Calculate -39 + 41 - (-2 + 1).
3
Evaluate 20 + (16 - (19 + -11)) - 14.
14
What is -7 + 11 + 8 + -8 + -3?
1
Calculate -9 - (-6 - 20) - (-2 - 2).
21
What is the value of 0 + 0 + 9 + (18 - (1 + 16))?
10
(0 - -10) + (-29 - (-20 + -1)) - -3
5
What is the value of -13 + (12 - 19) + 41?
21
Evaluate (-2 - -8) + (-10 - (-18 + 6 - -9)).
-1
What is (-3 - (5 + -14 + 6)) + (0 - -8)?
8
What is 0 - (2 + -19 - -11) - (-17 - 2)?
25
What is -11 + 16 + -1 + -16 + -4?
-16
10 - -12 - 11 - 6
5
What is -67 - -77 - (-18 + 1) - 10?
17
What is the value of -3 + 0 + 1 - (8 - 15 - -13)?
-8
What is (1 - 39) + 45 + -30 + -2?
-25
What is -9 + 29 + 20 + -22 + 7?
25
Calculate 1 + -5 + 0 - (7 - 0 - 19).
8
What is the value of -45 - (-4 - (-18 + 33))?
-26
Evaluate -1 + 0 + (-15 + 7 - -23 - 8).
6
What is the value of (8 - (12 + (8 - 16))) + -2?
2
What is 5 + -5 + -1 + 3 + 0?
2
Evaluate 5 - -1 - (69 - 57) - (-1 - -3).
-8
What is the value of 4 + (0 - -1) + 8 - (-21 - -23)?
11
What is the value of (3 - (10 + 1)) + 1 + 7 - -2?
2
(-27 - -19) + (1 - -4) + -5
-8
What is -2 + -7 + (-9 - -13) + -7?
-12
Evaluate -2 + 6 + (-10 - -11) - (10 - -1).
-6
What is -8 - 14 - (-20 - 2)?
0
What is the value of 67 + -44 + -3 + (-3 - 1)?
16
What is the value of (-3 + -1 - (-6 - 14 - -44)) + 11?
-17
What is the value of (1 - -3) + 22 + (-12 + -25 - -18)?
7
(2 + 8 - (-24 - -32)) + -2
0
What is the value of 3 + -3 - (1 - (-5 + 9 + 10))?
13
14 + 2 - (-45 - -76 - -9)
-24
What is (10 - 11) + 2 + -8?
-7
What is the value of 13 - (-6 + (-26 + 33 - (2 + -5)))?
9
What is 16 + -5 + (-1 - (-12 + 6))?
16
What is the value of 17 + 0 - (-56 + 7 - -37)?
29
What is 8 + -8 - (13 + 1)?
-14
What is the value of 7 - (-14 + 5 + 6 + -2 - -1)?
11
What is the value of 0 - ((-11 - 9) + 10 + (-6 - -2))?
14
Calculate -6 - -2 - (-14 + 15 - -2).
-7
What is (-10 - -16 - 0) + 11?
17
What is the value of -4 + -7 + -1 - -10?
-2
Evaluate -4 + 5 + 11 + (-28 - -28).
12
Evaluate (-6 - -3) + -5 + (19 - 15).
-4
What is the value of 28 - (2 - (-7 - 2)) - 12?
5
Evaluate -10 + (0 - 8) + -1 - 1 - 1.
-21
Evaluate (299 - 302) + 3 + -1.
-1
Evaluate 13 + (5 - (4 + -1)).
15
What is the value of (-5 - -7) + 0 - (15 - 15)?
2
18 + (-10 + 5 - 15 - -3)
1
Evaluate -3 - -17 - (19 - 18) - 20.
-7
What is -1 + 0 + 14 - (-186 + 190) - 5?
4
Calculate (13 - 12) + 2 - 6.
-3
Evaluate (-4 - 0 - -17) + -191 + 187.
9
Calculate (25 - (-3 - -7)) + -1 - 4.
16
What is the value of -205 - -215 - (17 + 2) - (-5 - 1)?
-3
Evaluate 21 - (-13 + -24 + 41).
17
-3 - 0 - (0 + (-1 - -8) + -3)
-7
Calculate (7 - (-4 - (-6 - -2 - 0))) + -13.
-6
What is the value of 7 + -12 + (1 - (8 - 1 - 5))?
-6
Evaluate -6 + (9 - (26 + -22)).
-1
Calculate 22 - (34 - 28 - -32).
-16
(-71 - (-190 - -8